 factor of y and 145.
29
Suppose z + c - 3*c = 8, 5*z + 4*c + 16 = 0. Let a be 4*(z + (-15)/(-6)). Calculate the greatest common factor of 70 and a.
10
Let r(b) = 6*b**2 + 3. Let c be r(-2). What is the greatest common divisor of 216 and c?
27
Suppose -d - 38 = -2*d. Suppose -4*v + 2*w + 60 = 0, 2*v - 4 - d = -5*w. Let s = -7 + 39. What is the highest common factor of v and s?
16
Let p be 4/(-6) - (-20)/12. Suppose o - p = -b + 5, -2*b + 16 = 4*o. What is the greatest common factor of 20 and b?
4
Let m be (772/(-6))/(2/(-3)). Suppose r + 15 = 4*r. Suppose -2*i + 0*i = -2*l - 74, 4*i - m = -r*l. Calculate the greatest common factor of i and 14.
14
Suppose 4*u + u - 2*z = -10, -5 = -5*u + 5*z. Let r be ((-5)/u)/((-1)/(-4)). Let s = -25 + 30. What is the greatest common divisor of s and r?
5
Let p = -4 + 6. Let s = 34 - p. Calculate the highest common factor of s and 4.
4
Let v = -22 - -18. Let q = v + 18. Calculate the greatest common divisor of q and 7.
7
Let b(r) = r**3 + 7*r**2 - r - 10. Let j be b(-6). What is the greatest common factor of 4 and j?
4
Let p be (-2)/2 - (-22 - -1). Let o(l) = 20*l**3 - 2*l**2 + 9*l - 10. Let a be o(2). What is the highest common divisor of a and p?
20
Let v be (-1 + -7)*51/(-6). What is the greatest common factor of 170 and v?
34
Let s(v) = v**2 + 7*v - 2. Let w be s(-8). Let p be 0/(-2) - (6 - 59). Let c = p - -13. What is the greatest common divisor of w and c?
6
Let l(i) = -17*i - 10. Let o be l(-8). What is the highest common factor of o and 36?
18
Let l be 2 - 1/(1/2). Let u be (-3)/6*l/2. Let h be (-5 - u)*(-3 - -1). Calculate the highest common factor of 2 and h.
2
Let u(r) = r**3 - 5*r**2 + 4*r - 4. Let j be u(4). Let n = 8 + j. Suppose k - n*k - 5 = t, -2*t - 5*k = 5. What is the highest common divisor of t and 40?
10
Suppose 6*r + 948 = 4*f + 5*r, 4*f - 4*r - 936 = 0. What is the greatest common factor of 34 and f?
34
Let v(m) = -2*m - 3. Let q be v(-2). Let y be (-56)/(-6) - q/3. Calculate the greatest common factor of y and 9.
9
Let x be (1 - 10)*(0 - 1). Suppose 3*v - 540 = -3*m, 16 = -5*v + 2*m + 944. Let p = v + -121. What is the greatest common divisor of x and p?
9
Let c = 14 - 7. Let h = -9 + 16. What is the greatest common factor of h and c?
7
Suppose -3*h + h = -132. What is the highest common divisor of 11 and h?
11
Let z(v) = -14*v - 15. Let k(t) = 9*t + 10. Let c(h) = -8*k(h) - 5*z(h). Let s be c(-4). Calculate the highest common divisor of 2 and s.
1
Suppose -4*a + a + 36 = 0. Suppose -a = -p - 0. Calculate the highest common factor of 12 and p.
12
Let l = 15 - -8. Let o = 27 - 24. Suppose o*i - 43 = 26. Calculate the highest common factor of l and i.
23
Let h be (0/3)/(2*-1). Suppose h = -2*k - k. Let a be k - (2/1 - 23). What is the highest common factor of a and 14?
7
Let j = -40 - -70. Calculate the greatest common divisor of j and 240.
30
Suppose -3*t + 5*y + 124 = -0*y, 3*y = t - 36. Let h be (222/(-555))/(2/(-80)). Calculate the highest common factor of h and t.
16
Suppose 4*n = 3*q + 1 - 26, -5*q + 55 = -4*n. Calculate the highest common factor of q and 75.
15
Let z = 17 - 12. Let j = -36 - -37. What is the highest common factor of j and z?
1
Suppose -6*t + 2*t + 23 = 3*k, -4 = -t + k. Suppose 4*j + 2*p - 226 = 0, 107 = -0*j + 2*j - p. What is the highest common factor of t and j?
5
Let q = 67 - 32. What is the greatest common divisor of q and 7?
7
Let h be ((-4)/3)/((-2)/6). Suppose i - h = 7. Let p be -6 - -3 - (-34 + -2). What is the greatest common factor of i and p?
11
Suppose -10*l + 14*l - 384 = 0. Suppose -a - 28 = -0*k - 2*k, -4*k + 44 = a. Calculate the highest common divisor of k and l.
12
Let u be -5*(104/(-20) - -4). Calculate the greatest common factor of u and 12.
6
Suppose 0 = -2*n + 10 + 502. Suppose -c = -4*c + 96. What is the greatest common factor of n and c?
32
Let i = -5 - -15. Suppose 2*f - 320 = -2*f. What is the highest common factor of i and f?
10
Suppose 0 = -4*t + 140 + 44. Let m(l) be the third derivative of -l**4/4 - 7*l**3/6 - 2*l**2. Let h be m(-5). Calculate the highest common factor of t and h.
23
Suppose 3*p = -0*p + 120. Suppose 0 = -2*q - 0*q - 4*w + 34, -2*q - w + p = 0. Calculate the highest common factor of q and 189.
21
Let h(r) = 2*r**2 + r + 1. Let a be h(-1). Suppose -a = -5*k + 3. Calculate the highest common factor of k and 3.
1
Suppose 0 = s + 7 - 4. Let r = 2 - s. What is the greatest common divisor of 25 and r?
5
Let j be ((-1)/(-2))/(2/4). What is the greatest common divisor of j and 2?
1
Let m = 74 + -57. Calculate the highest common divisor of m and 187.
17
Let d(o) be the first derivative of o**4/4 + 8*o**3/3 - 5*o**2/2 - 4*o - 5. Let x be d(-8). What is the highest common factor of x and 18?
18
Suppose -3*d + 0*d = -12. Suppose 2*v = d, 5*w - v - 321 = v. What is the highest common divisor of w and 26?
13
Let x(n) = 2*n - 7. Let r be x(-5). Let z = r + 38. Let i(o) = o**3 - 5*o + 2. Let l be i(3). What is the highest common divisor of l and z?
7
Suppose 12*o + 297 = 23*o. Calculate the greatest common factor of o and 90.
9
Let w(g) = -g - 62. Let l be w(0). Suppose -5 = 2*y + 3, -5*y + 172 = 4*j. Let m = j - l. Calculate the highest common factor of m and 10.
10
Let a = 12 - 7. Suppose -2*o - 118 = -4*w, a*w + 3*o = 104 + 16. What is the greatest common divisor of 9 and w?
9
Suppose 3*c - 5*n + 4 = 3, 17 = 3*c + 4*n. Let r be (-50)/c*36/(-30). What is the greatest common factor of 5 and r?
5
Suppose 5*j = -20, -j = 4*f - 5*j - 64. What is the highest common factor of f and 12?
12
Let w = -19 - -43. Let g(h) be the first derivative of -h**3/3 - 3*h**2 + h + 2. Let r be g(-5). Calculate the greatest common divisor of r and w.
6
Let y(h) = -h**3 - 14*h**2 - 14*h + 2. Let r be y(-13). Let s = r + -3. Calculate the highest common factor of 24 and s.
12
Let r(a) be the first derivative of -a**2/2 - 2*a - 1. Let p be r(-6). Suppose 23 + 1 = p*z. Calculate the greatest common divisor of 36 and z.
6
Suppose a = 5, 0 = -2*k - 2*k + 4*a - 1044. Let x = -166 - k. Calculate the greatest common factor of x and 10.
10
Suppose 3*p = 4*z + p - 82, -3*z + 2*p + 61 = 0. Suppose 6*u - 3780 = -54*u. What is the greatest common factor of u and z?
21
Let m = 22 + 74. Calculate the greatest common factor of m and 12.
12
Let f = 93 + -46. Calculate the highest common factor of f and 47.
47
Let l = -12 + 37. Let i = l - -11. What is the greatest common divisor of i and 54?
18
Let d be 52*2/6*3. Let h = -36 + d. Calculate the greatest common divisor of 2 and h.
2
Let q be (2 - -1) + 174/(-2). Let j = q + 139. What is the greatest common divisor of j and 22?
11
Let k = -6 - -11. What is the greatest common factor of 35 and k?
5
Suppose -2*p + 5 = -b, -4*p + 5*b = -0*b - 1. Calculate the greatest common factor of 12 and p.
4
Let p be (1 - -1)*90/4. Let a = -7 + 12. Calculate the greatest common divisor of a and p.
5
Suppose 0 = 2*z + 2*z - 120. Suppose -4*q + 5*t + z = 2*t, -2*q + 18 = -3*t. Let c be ((-4)/6)/(q/(-72)). What is the highest common factor of c and 8?
8
Let v = 6 + -1. Suppose 0 = -4*k + v*j - 7, k + k - 5*j + 11 = 0. Let b = 23 - 5. Calculate the highest common factor of k and b.
2
Suppose -5*v = -4*p + 73, -4*p + 63 = -3*v - 0*v. Let j be (-4 + 2 - -38)/1. Calculate the greatest common divisor of p and j.
12
Suppose 37 = 5*l + 2*i - 7, -2*l = 2*i - 14. Suppose -o - 5*g = -l, 2*o - 18 = g + 13. What is the highest common divisor of 6 and o?
3
Let b(d) = 3 - 8 + 5*d + 0*d. Let m be b(6). Suppose -3*s + 2*v - 11 = -6*s, -3*s = 5*v - 5. What is the greatest common divisor of s and m?
5
Suppose 2*n = 3*n - 99. Suppose -9 = -3*v, -3*m - 4*v + 12 = -6*m. Suppose m = 3*j + j - 36. Calculate the greatest common divisor of n and j.
9
Let w be 2555/28 - (-1)/(-4). Calculate the highest common factor of 13 and w.
13
Let d = 45 - 11. Suppose d = 5*k - 1. Suppose -2*c - 20 = -k*c. Calculate the highest common divisor of 2 and c.
2
Let m(h) = h**2 - h - 1. Let u be m(-1). Calculate the highest common factor of u and 9.
1
Let x(u) = -16*u**2. Let c be x(-1). Let l = 14 - c. Suppose -s + 90 = s. What is the greatest common divisor of l and s?
15
Let f(m) = -2*m + 3. Let u be f(-1). Calculate the highest common factor of u and 2.
1
Let k(b) = b**2 - 7